rivative of t**4/24 - t**3/3 + t**2. Suppose 6*f = -4*f + 40. Calculate l(f).
2
Let d(b) = b**2 + 5*b + 2. Let f be (100/6)/(10/15). Suppose f = -8*w + 3*w. What is d(w)?
2
Suppose 6*u - 5*g = 3*u + 22, -4*u - 9 = g. Let i(h) = 6*h**2 - h - 1. Determine i(u).
6
Let k(u) = -u - 2. Let f be 1/(-2) + 108/(-24). Determine k(f).
3
Let d be 704/242 - (-2)/22. Let j(r) = r**3 - 4*r**2 + 5*r - 4. Determine j(d).
2
Let t(v) = 5*v**2 - 4*v + 3. Let i(y) = -4*y**2 + 4*y - 2. Let h(f) = 4*i(f) + 3*t(f). Give h(4).
1
Let g(z) = -z**3 - 4*z**2 + z + 3. Let c(t) = 2*t**2 - 3*t - 4. Let q be c(3). Suppose -q*d = -5*u - 10, 0*d + 6 = u - 5*d. What is g(u)?
-1
Let x(t) = -2 + 4*t - 1 - 3*t. Let l(g) = g**3 + 10*g**2 - g - 10. Let p be l(-10). Suppose p = v + 4*d - 20, 12 = 2*d + d. Calculate x(v).
1
Let a(b) = -b**2 + b + 2. Let h = -6 + 2. Let r be h/((-48)/(-27) - 2). Let n be ((-3)/9)/((-2)/r). What is a(n)?
-4
Let g(w) = -w + 2. Let m(q) = 3*q + 4. Let p be m(-4). Let k = p + 6. Let h = -4 - k. Calculate g(h).
4
Suppose -5*z - 3*x = -66, 5*z - 5*x + 0*x = 50. Suppose 6*d - 4*d = z. Let y(a) = a**2 - 6*a + 8. Give y(d).
8
Let i(z) = 3*z**3 + z**2 - z - 1. Let s be i(-1). Let q(n) = -n**2 - 6*n - 5. Let f(b) = -2*b**2 - 11*b - 9. Let l(m) = -4*f(m) + 7*q(m). Calculate l(s).
1
Suppose 3*j - 11 - 22 = 0. Let b(m) = -2*m**2 - m + 2*m - 10 + j. What is b(2)?
-5
Let y = -7 + 6. Let o(t) = t**2 + 3*t - 10. Let z(l) = 1. Let n(a) = y*o(a) - 5*z(a). Determine n(-4).
1
Let t be 0/(9/3) - -7. Let c(a) = -a + 6. Let s be c(t). Let m(r) = -8*r - 1. Give m(s).
7
Let d(s) = -s. Let h(n) = 1 + 2 - 1 + 2*n - 4. Let g(f) = 6*d(f) + h(f). Calculate g(-3).
10
Let k(z) be the second derivative of z**5/20 + 5*z**4/12 - z**3/6 + 3*z**2/2 - 3*z - 12. What is k(-5)?
8
Let d(r) = 14*r**2 - 5*r + 2. Let u(s) = -7*s**2 + 2*s - 1. Let w(q) = 2*d(q) + 5*u(q). Let t(g) = -g**3 + 4*g**2 - 3*g - 1. Let k be t(3). Give w(k).
-8
Let a(m) = 11*m - 6*m - 2 - m - 3 + m**3 - 7*m**2. What is a(6)?
-17
Let w(j) = j**2 - j + 1. Let m(y) = -y**3 + 6*y**2 - 8*y + 5. Let a(v) = -m(v) - w(v). Let g = -588 + 594. Calculate a(g).
12
Let u(o) be the second derivative of 1/3*o**3 + 0 + 0*o**2 + 8*o. What is u(-4)?
-8
Let f(p) = -p + 7. Suppose -3*r = d - 15, 2*d - 2 = 3*r + 1. Let n be f(d). Let z = n + -1. Let k(a) = a**3 + a - 4. Determine k(z).
-4
Let i(l) = -l**3 + l. Let r(c) = 2*c + 3*c - 4*c**3 - 6*c - 3 + 2*c - c**2. Let f(w) = 5*i(w) - r(w). Suppose -3*s - 2 - 4 = 0. Calculate f(s).
7
Let w(n) = 3*n - 6. Let d be w(3). Let u(l) = -l**2 + 2*l - 1. Calculate u(d).
-4
Let v(m) be the third derivative of 0 + 1/24*m**4 + 2*m**2 + 0*m - 5/6*m**3. Let r = 17 - 12. Determine v(r).
0
Let w(o) be the first derivative of -7*o**4/4 - 2*o**3/3 + o**2/2 + o + 3. Let x(u) = 6*u**3 + u**2 - u. Let k(b) = -5*w(b) - 6*x(b). What is k(4)?
-1
Let s(y) = 4*y - 3. Suppose 0*h + h - 1 = 0. Let l(i) = 3*i**3 - i**2 + 1. Let m be l(h). What is s(m)?
9
Let u(a) = a**2 - 7*a + 5. Let h = 42 - 24. Suppose o + 3*o - 19 = -s, 3*o + 2*s = h. Calculate u(o).
-7
Let k(z) = -1 - 6*z + 2 - 1 + z**2. Give k(7).
7
Let t(b) be the second derivative of -b**3/6 + 8*b**2 + 2*b + 36. Determine t(0).
16
Let g(u) = -2*u + 6. Let p(z) = 4*z - 13. Let j(t) = 5*g(t) + 3*p(t). Let l be j(6). Let h(f) = -5*f**l + 3*f**3 - 5*f**2 + 6*f - 4 + f**3. Give h(-6).
-4
Let n(t) = 2*t**3 + t**2 - 2*t + 1. Let a(i) = -i**2 + 2*i + 9. Let y be a(4). What is n(y)?
2
Let o(q) = q - 4. Let h(k) = k**2 - 5*k + 1. Suppose 5 = -2*r + 13. Let c be h(r). Calculate o(c).
-7
Let h(i) = -39 + i**3 + 3*i - 5*i**2 + 39. What is h(4)?
-4
Let j(b) = -b**3 - b + 2 - 3*b - 9*b**2 - 4*b + 0. What is j(-8)?
2
Let d(b) = -83*b**2 - 2*b - 5 + 0*b + b**3 + 79*b**2 + 0*b. Let w(p) = p**2 + 4*p + 1. Let u be w(-2). Let c = u + 8. Give d(c).
10
Let t(l) = -l - 3 + 8*l - 6*l. Give t(5).
2
Let t(p) = -p - 4*p**2 + 5*p + 1 - 6*p. Calculate t(1).
-5
Let z(l) be the first derivative of 1/3*l**3 - 3 + 2*l**2 - 7*l. Let c be (-86)/18 + 4/(-18). Calculate z(c).
-2
Let l = -3 + 4. Let f be 8/(-4)*l/(-2). Suppose 3*r = 4 - f. Let d(z) = -z + 1. Calculate d(r).
0
Suppose -5 = 2*p - 3*g, -5*p - 17 = -3*g - 0. Let m(f) = f**2 + 4*f - 3. Give m(p).
-3
Let q(o) be the second derivative of o**3/6 + 5*o**2 + 6*o. Calculate q(-10).
0
Suppose -4*k - 2*d - 3 = -37, -5*d - 5 = 0. Let r(p) = -k*p + 8*p - 1 + 0. Determine r(-5).
4
Let w(s) = 4*s. Let i(q) = q**2 - 6*q - 5. Let u be i(7). Determine w(u).
8
Let c = 53 + -59. Let n(s) = -s**2 - 5*s - 5. Give n(c).
-11
Suppose 3*l + 6 = 0, 0*m - 5*l = -m + 13. Let a(p) = 2*p + 0*p + 6*p**2 + 0*p**m - p + 3 - p**3. Give a(6).
9
Let i(b) = -b**3 + 7*b**2 + 8*b + 9. Suppose 2*a - 40 = -3*a. Determine i(a).
9
Suppose -3*p = 2*p. Let h(x) = p*x**2 - 5*x**2 + 4*x**3 - 3*x**3 - 7. Let k = -5 + 10. Determine h(k).
-7
Let i = 79/270 - 7/27. Let p(d) be the third derivative of -i*d**5 + 1/120*d**6 - 1/6*d**3 - d**2 - 1/6*d**4 + 0*d + 0. Determine p(3).
-4
Let d(q) = q**3 - 4*q**2 - q + 3. Let y(b) = -b - 2. Let o be y(-4). Let j = 2 + o. Calculate d(j).
-1
Let g(a) be the third derivative of 0*a**4 - 1/30*a**5 + 0*a - 2/3*a**3 + 0 + 2*a**2 + 1/120*a**6. Suppose -3*c + 2*c = -4, 2*d - 4*c + 10 = 0. What is g(d)?
5
Let t(q) = -q**2 + 2*q + 1. Let j = -19 - -21. Give t(j).
1
Let o be (16/(-12))/(1/3). Let h = o - -1. Let r(d) = d**2 + d - 4. Give r(h).
2
Let a(u) = -5*u - 4 - 2 + 4*u. Let t(n) be the first derivative of -3*n**2/2 - 17*n - 4. Let q(m) = -11*a(m) + 4*t(m). What is q(-2)?
0
Let d(w) = 2*w - 4. Let i = 82 + -85. What is d(i)?
-10
Let u(o) = -5 - 7 + o**2 + o**3 + o + 0*o + 0*o**3. Calculate u(0).
-12
Let p(q) = -q + 0 - 2*q + 6. Suppose -y - 3 = -s, -s + 5*y = -1 + 2. Calculate p(s).
-6
Let y(m) = -159*m + 154*m - 3 + 3. Let d(r) = 6*r - 1. Let h(i) = 3*d(i) + 4*y(i). Determine h(-2).
1
Let l(b) = 3*b**2 - 2*b + 1. Let y(j) = -4*j**2 + 2*j - 2. Let g(m) = -3*l(m) - 2*y(m). Let c be g(3). Let v(h) = 2*h + h - 4*h. Calculate v(c).
2
Let d(m) be the first derivative of m**5/120 + 5*m**4/24 - 5*m**3/3 - 2. Let t(g) be the third derivative of d(g). Calculate t(0).
5
Suppose 0 = -r + 3, -4*f + 19 = 3*r - 2*r. Let c(m) be the first derivative of m**4/4 - 2*m**3 + 3*m**2 - 2*m + 18. Determine c(f).
-10
Let u(c) = 2*c - 2. Suppose 4*w - 35 = 3*r - 9, -20 = 5*r - 2*w. Let d(s) = -s. Let q be d(r). Determine u(q).
2
Suppose -3*d = -3, 0*o - 5*o = 5*d - 15. Suppose -2*v - 3*v + 20 = 0. Let a(h) = -2*h**2 + v + o*h - 3 - h**2 + 0*h. Calculate a(-1).
-4
Let p be ((-2)/(-8))/((-2)/(-8)). Let n be p + -2 - (0 - -5). Let u(d) = -d**3 - 7*d**2 - 6*d + 3. Let r be u(n). Let j(z) = -z + 2. What is j(r)?
-1
Let i(j) = -j**3 + 5*j**2 + 4*j + 6. Let y be i(6). Let p(r) be the third derivative of r**4/12 + 4*r**3/3 + 5*r**2. Give p(y).
-4
Let t be (6/24)/((-1)/4). Let o = t - -1. Suppose 4*n = -4*b + 2*b + 18, o = 4*n + 4*b - 28. Let y(w) = w**2 - 2*w. Calculate y(n).
0
Let n(p) = p + 21 - p**2 - 2*p - 25 + 0*p**2. What is n(-4)?
-16
Let c(u) be the first derivative of u**4/4 + 2*u**3/3 - u**2/2 - u - 147. Let q(p) = p**2 + 5*p + 1. Let j be q(-4). What is c(j)?
-7
Suppose 0 = -2*c - 0*c + 24. Let b = c - 10. Let g(n) = 4 + 3*n**2 - 2*n**2 - b*n**2. What is g(0)?
4
Let f(z) be the third derivative of -z**5/60 - z**4/4 - 2*z**3/3 + 2*z**2. Suppose -4*m = -3*c - 0 + 14, -c = m + 7. Calculate f(m).
1
Suppose -2*n = -0*n. Let s(b) = 2 - 1 - 8*b + n*b. What is s(-1)?
9
Let d(g) = g**2 + 4*g + 3. Let k(m) = -2*m - 12. Let o be k(-5). What is d(o)?
-1
Let j(o) = -o - 5. Let f be j(-5). Suppose -2*s - 3 + 1 = f. Let p(u) = -7*u**3 + u + 1. Give p(s).
7
Let w(l) = 2*l + 2. Suppose 2*p = 4*n + 4, p - 3*p - 5*n = 32. Calculate w(p).
-10
Let m(d) be the first derivative of -d**2/2 - 5*d - 10. Calculate m(-5).
0
Let i(r) = r**3 + 2*r**2 + 3. Let j(p) = -p**2 + 12*p - 14. Let z be j(11). Give i(z).
-6
Let k be (-1)/2 - 42/4. Let f be 3/3*(k + -2). Let a = 9 + f. Let o(s) = -s**3 - 4*s**2 - s - 2. Calculate o(a).
2
Let c(s) be the third derivative of 0 + 0*s - 3*s**2 - 1/30*s**5 + 1/120*s**6 - 1/12*s**4 + 1/3*s**3. Determine c(3).
5
Let v(k) = 2*k + 1 - 3*k + 3*k - 3. Let x = -21 + 25. Determine v(x).
6
Let k(f) = f**3 - f**2 + 5. Let m be -2 - (-6 + 2 - 1). Let b be 2*(-2)/((-4)/(-3)). Let 